{"id":107,"date":"2024-05-27T23:14:48","date_gmt":"2024-05-27T23:14:48","guid":{"rendered":"https:\/\/dygita.com\/?page_id=107"},"modified":"2024-05-27T23:42:15","modified_gmt":"2024-05-27T23:42:15","slug":"blog","status":"publish","type":"page","link":"https:\/\/dygita.com\/?page_id=107","title":{"rendered":"Blog"},"content":{"rendered":"\n<div class=\"wp-block-group has-background-background-color has-background is-content-justification-center is-layout-constrained wp-container-core-group-is-layout-e685b52a wp-block-group-is-layout-constrained\" style=\"margin-top:0;margin-bottom:0;padding-top:80px;padding-right:var(--wp--preset--spacing--40);padding-bottom:100px;padding-left:var(--wp--preset--spacing--40)\">\n<div class=\"wp-block-group is-layout-constrained wp-container-core-group-is-layout-3a09d0b3 wp-block-group-is-layout-constrained\" style=\"margin-top:60px\">\n<div class=\"wp-block-query is-layout-flow wp-block-query-is-layout-flow\"><ul class=\"columns-2 wp-block-post-template is-layout-grid wp-container-core-post-template-is-layout-f7988a22 wp-block-post-template-is-layout-grid\"><li class=\"wp-block-post post-127 post type-post status-publish format-standard has-post-thumbnail hentry category-marketing-digital tag-application-de-gestion tag-efficacite-en-ligne tag-gestion-des-reseaux-sociaux\">\n\n<div class=\"wp-block-group fotawp-fade-up is-layout-flow wp-container-core-group-is-layout-931b8eb1 wp-block-group-is-layout-flow\" style=\"padding-top:0px;padding-right:0px;padding-bottom:0px;padding-left:0px\">\n<div class=\"wp-block-cover\" style=\"border-radius:12px\"><span aria-hidden=\"true\" class=\"wp-block-cover__background has-background-dim-90 has-background-dim has-background-gradient\" style=\"background:linear-gradient(180deg,rgba(0,0,0,0) 0%,rgb(0,0,0) 100%)\"><\/span><img loading=\"lazy\" decoding=\"async\" width=\"2048\" height=\"2048\" src=\"https:\/\/dygita.com\/wp-content\/uploads\/2024\/06\/fotor-ai-2024060204816.jpg\" class=\"wp-block-cover__image-background wp-post-image\" alt=\"\" data-object-fit=\"cover\" srcset=\"https:\/\/dygita.com\/wp-content\/uploads\/2024\/06\/fotor-ai-2024060204816.jpg 2048w, https:\/\/dygita.com\/wp-content\/uploads\/2024\/06\/fotor-ai-2024060204816-300x300.jpg 300w, https:\/\/dygita.com\/wp-content\/uploads\/2024\/06\/fotor-ai-2024060204816-100x100.jpg 100w, https:\/\/dygita.com\/wp-content\/uploads\/2024\/06\/fotor-ai-2024060204816-600x600.jpg 600w, https:\/\/dygita.com\/wp-content\/uploads\/2024\/06\/fotor-ai-2024060204816-1024x1024.jpg 1024w, https:\/\/dygita.com\/wp-content\/uploads\/2024\/06\/fotor-ai-2024060204816-150x150.jpg 150w, https:\/\/dygita.com\/wp-content\/uploads\/2024\/06\/fotor-ai-2024060204816-768x768.jpg 768w, https:\/\/dygita.com\/wp-content\/uploads\/2024\/06\/fotor-ai-2024060204816-1536x1536.jpg 1536w\" sizes=\"auto, (max-width: 2048px) 100vw, 2048px\" \/><div class=\"wp-block-cover__inner-container is-layout-constrained wp-block-cover-is-layout-constrained\"><h2 style=\"line-height:1.2; margin-bottom:var(--wp--preset--spacing--40);margin-top:var(--wp--preset--spacing--40);\" class=\"has-text-align-center has-link-color is-style-default wp-elements-7ab71799a05156c2028a96ad2c8fa77e wp-block-post-title has-text-color has-foreground-color has-xx-large-font-size\"><a href=\"https:\/\/dygita.com\/?p=127\" target=\"_self\" >Comment G\u00e9rer Mes R\u00e9seaux Sociaux Avec Une Seule Application<\/a><\/h2>\n\n\n<div class=\"wp-block-group has-x-small-font-size is-content-justification-center is-nowrap is-layout-flex wp-container-core-group-is-layout-04e22ecf wp-block-group-is-layout-flex\" style=\"padding-bottom:var(--wp--preset--spacing--20)\"><div class=\"wp-block-post-date\"><time datetime=\"2024-06-01T15:54:41+00:00\">juin 1, 2024<\/time><\/div>\n\n\n<p>.<\/p>\n\n\n<div class=\"wp-block-post-author-name\">DYGITA<\/div><\/div>\n<\/div><\/div>\n<\/div>\n\n<\/li><li class=\"wp-block-post post-125 post type-post status-publish format-standard has-post-thumbnail hentry category-technologie tag-applications-mobiles tag-plateformes tag-sans-code\">\n\n<div class=\"wp-block-group fotawp-fade-up is-layout-flow wp-container-core-group-is-layout-931b8eb1 wp-block-group-is-layout-flow\" style=\"padding-top:0px;padding-right:0px;padding-bottom:0px;padding-left:0px\">\n<div class=\"wp-block-cover\" style=\"border-radius:12px\"><span aria-hidden=\"true\" class=\"wp-block-cover__background has-background-dim-90 has-background-dim has-background-gradient\" style=\"background:linear-gradient(180deg,rgba(0,0,0,0) 0%,rgb(0,0,0) 100%)\"><\/span><img loading=\"lazy\" decoding=\"async\" width=\"2560\" height=\"1707\" src=\"https:\/\/dygita.com\/wp-content\/uploads\/2024\/06\/a-close-up-of-a-cell-phone-with-social-icons-on-it-scaled.jpg\" class=\"wp-block-cover__image-background wp-post-image\" alt=\"a close up of a cell phone with social icons on it\" data-object-fit=\"cover\" srcset=\"https:\/\/dygita.com\/wp-content\/uploads\/2024\/06\/a-close-up-of-a-cell-phone-with-social-icons-on-it-scaled.jpg 2560w, https:\/\/dygita.com\/wp-content\/uploads\/2024\/06\/a-close-up-of-a-cell-phone-with-social-icons-on-it-scaled-600x400.jpg 600w\" sizes=\"auto, (max-width: 2560px) 100vw, 2560px\" \/><div class=\"wp-block-cover__inner-container is-layout-constrained wp-block-cover-is-layout-constrained\"><h2 style=\"line-height:1.2; margin-bottom:var(--wp--preset--spacing--40);margin-top:var(--wp--preset--spacing--40);\" class=\"has-text-align-center has-link-color is-style-default wp-elements-7ab71799a05156c2028a96ad2c8fa77e wp-block-post-title has-text-color has-foreground-color has-xx-large-font-size\"><a href=\"https:\/\/dygita.com\/?p=125\" target=\"_self\" >Comment cr\u00e9er une application mobile sans code<\/a><\/h2>\n\n\n<div class=\"wp-block-group has-x-small-font-size is-content-justification-center is-nowrap is-layout-flex wp-container-core-group-is-layout-04e22ecf wp-block-group-is-layout-flex\" style=\"padding-bottom:var(--wp--preset--spacing--20)\"><div class=\"wp-block-post-date\"><time datetime=\"2024-06-01T15:44:22+00:00\">juin 1, 2024<\/time><\/div>\n\n\n<p>.<\/p>\n\n\n<div class=\"wp-block-post-author-name\">DYGITA<\/div><\/div>\n<\/div><\/div>\n<\/div>\n\n<\/li><\/ul><\/div>\n\n\n\n<div class=\"wp-block-query is-layout-flow wp-block-query-is-layout-flow\"><ul class=\"columns-3 wp-block-post-template is-layout-grid wp-container-core-post-template-is-layout-fdbc5ac1 wp-block-post-template-is-layout-grid\"><li class=\"wp-block-post post-127 post type-post status-publish format-standard has-post-thumbnail hentry category-marketing-digital tag-application-de-gestion tag-efficacite-en-ligne tag-gestion-des-reseaux-sociaux\">\n\n<div class=\"wp-block-group fotawp-fade-up is-layout-flow wp-container-core-group-is-layout-931b8eb1 wp-block-group-is-layout-flow\" style=\"padding-top:0px;padding-right:0px;padding-bottom:0px;padding-left:0px\"><figure style=\"height:240px;\" class=\"wp-block-post-featured-image\"><a href=\"https:\/\/dygita.com\/?p=127\" target=\"_self\"  style=\"height:240px\"><img loading=\"lazy\" decoding=\"async\" width=\"2048\" height=\"2048\" src=\"https:\/\/dygita.com\/wp-content\/uploads\/2024\/06\/fotor-ai-2024060204816.jpg\" class=\"attachment-post-thumbnail size-post-thumbnail wp-post-image\" alt=\"Comment G\u00e9rer Mes R\u00e9seaux Sociaux Avec Une Seule Application\" style=\"border-radius:12px;height:240px;object-fit:cover;\" srcset=\"https:\/\/dygita.com\/wp-content\/uploads\/2024\/06\/fotor-ai-2024060204816.jpg 2048w, https:\/\/dygita.com\/wp-content\/uploads\/2024\/06\/fotor-ai-2024060204816-300x300.jpg 300w, https:\/\/dygita.com\/wp-content\/uploads\/2024\/06\/fotor-ai-2024060204816-100x100.jpg 100w, https:\/\/dygita.com\/wp-content\/uploads\/2024\/06\/fotor-ai-2024060204816-600x600.jpg 600w, https:\/\/dygita.com\/wp-content\/uploads\/2024\/06\/fotor-ai-2024060204816-1024x1024.jpg 1024w, https:\/\/dygita.com\/wp-content\/uploads\/2024\/06\/fotor-ai-2024060204816-150x150.jpg 150w, https:\/\/dygita.com\/wp-content\/uploads\/2024\/06\/fotor-ai-2024060204816-768x768.jpg 768w, https:\/\/dygita.com\/wp-content\/uploads\/2024\/06\/fotor-ai-2024060204816-1536x1536.jpg 1536w\" sizes=\"auto, (max-width: 2048px) 100vw, 2048px\" \/><\/a><\/figure>\n\n<div style=\"margin-top:var(--wp--preset--spacing--40)\" class=\"taxonomy-category is-style-categories-background-with-round wp-block-post-terms has-x-small-font-size\"><a href=\"https:\/\/dygita.com\/?cat=6\" rel=\"tag\">Marketing Digital<\/a><\/div>\n\n<h2 style=\"font-size:24px;line-height:1.2; margin-bottom:var(--wp--preset--spacing--40);margin-top:0;\" class=\"has-link-color is-style-default wp-elements-2aac0a2af414990d4d1b0ae90deaac5c wp-block-post-title has-text-color has-foreground-color\"><a href=\"https:\/\/dygita.com\/?p=127\" target=\"_self\" >Comment G\u00e9rer Mes R\u00e9seaux Sociaux Avec Une Seule Application<\/a><\/h2>\n\n\n<div class=\"wp-block-group has-x-small-font-size is-nowrap is-layout-flex wp-container-core-group-is-layout-6ce5725f wp-block-group-is-layout-flex\" style=\"padding-bottom:var(--wp--preset--spacing--20)\"><div class=\"wp-block-post-date\"><time datetime=\"2024-06-01T15:54:41+00:00\">juin 1, 2024<\/time><\/div>\n\n\n<p>.<\/p>\n\n\n<div class=\"wp-block-post-author-name\">DYGITA<\/div><\/div>\n\n\n<div style=\"font-size:16px;\" class=\"wp-block-post-excerpt\"><p class=\"wp-block-post-excerpt__excerpt\">Introduction \u00e0 la gestion des r\u00e9seaux sociaux La gestion de plusieurs comptes sur diff\u00e9rents r\u00e9seaux sociaux peut rapidement devenir accablante. Heureusement,\u2026 <\/p><\/div><\/div>\n\n<\/li><li class=\"wp-block-post post-125 post type-post status-publish format-standard has-post-thumbnail hentry category-technologie tag-applications-mobiles tag-plateformes tag-sans-code\">\n\n<div class=\"wp-block-group fotawp-fade-up is-layout-flow wp-container-core-group-is-layout-931b8eb1 wp-block-group-is-layout-flow\" style=\"padding-top:0px;padding-right:0px;padding-bottom:0px;padding-left:0px\"><figure style=\"height:240px;\" class=\"wp-block-post-featured-image\"><a href=\"https:\/\/dygita.com\/?p=125\" target=\"_self\"  style=\"height:240px\"><img loading=\"lazy\" decoding=\"async\" width=\"2560\" height=\"1707\" src=\"https:\/\/dygita.com\/wp-content\/uploads\/2024\/06\/a-close-up-of-a-cell-phone-with-social-icons-on-it-scaled.jpg\" class=\"attachment-post-thumbnail size-post-thumbnail wp-post-image\" alt=\"Comment cr\u00e9er une application mobile sans code\" style=\"border-radius:12px;height:240px;object-fit:cover;\" srcset=\"https:\/\/dygita.com\/wp-content\/uploads\/2024\/06\/a-close-up-of-a-cell-phone-with-social-icons-on-it-scaled.jpg 2560w, https:\/\/dygita.com\/wp-content\/uploads\/2024\/06\/a-close-up-of-a-cell-phone-with-social-icons-on-it-scaled-600x400.jpg 600w\" sizes=\"auto, (max-width: 2560px) 100vw, 2560px\" \/><\/a><\/figure>\n\n<div style=\"margin-top:var(--wp--preset--spacing--40)\" class=\"taxonomy-category is-style-categories-background-with-round wp-block-post-terms has-x-small-font-size\"><a href=\"https:\/\/dygita.com\/?cat=21\" rel=\"tag\">Technologie<\/a><\/div>\n\n<h2 style=\"font-size:24px;line-height:1.2; margin-bottom:var(--wp--preset--spacing--40);margin-top:0;\" class=\"has-link-color is-style-default wp-elements-2aac0a2af414990d4d1b0ae90deaac5c wp-block-post-title has-text-color has-foreground-color\"><a href=\"https:\/\/dygita.com\/?p=125\" target=\"_self\" >Comment cr\u00e9er une application mobile sans code<\/a><\/h2>\n\n\n<div class=\"wp-block-group has-x-small-font-size is-nowrap is-layout-flex wp-container-core-group-is-layout-6ce5725f wp-block-group-is-layout-flex\" style=\"padding-bottom:var(--wp--preset--spacing--20)\"><div class=\"wp-block-post-date\"><time datetime=\"2024-06-01T15:44:22+00:00\">juin 1, 2024<\/time><\/div>\n\n\n<p>.<\/p>\n\n\n<div class=\"wp-block-post-author-name\">DYGITA<\/div><\/div>\n\n\n<div style=\"font-size:16px;\" class=\"wp-block-post-excerpt\"><p class=\"wp-block-post-excerpt__excerpt\">Introduction \u00e0 la cr\u00e9ation d&rsquo;applications sans code Dans le monde num\u00e9rique actuel, la demande pour les applications mobiles ne cesse de\u2026 <\/p><\/div><\/div>\n\n<\/li><li class=\"wp-block-post post-123 post type-post status-publish format-standard has-post-thumbnail hentry category-guide-wordpress tag-creation-de-site-web tag-hebergement-wordpress tag-personnalisation-wordpress\">\n\n<div class=\"wp-block-group fotawp-fade-up is-layout-flow wp-container-core-group-is-layout-931b8eb1 wp-block-group-is-layout-flow\" style=\"padding-top:0px;padding-right:0px;padding-bottom:0px;padding-left:0px\"><figure style=\"height:240px;\" class=\"wp-block-post-featured-image\"><a href=\"https:\/\/dygita.com\/?p=123\" target=\"_self\"  style=\"height:240px\"><img loading=\"lazy\" decoding=\"async\" width=\"2560\" height=\"1709\" src=\"https:\/\/dygita.com\/wp-content\/uploads\/2024\/06\/person-holding-pencil-near-laptop-computer-scaled.jpg\" class=\"attachment-post-thumbnail size-post-thumbnail wp-post-image\" alt=\"Comment Cr\u00e9er un Site WordPress en Quelques \u00c9tapes Simples\" style=\"border-radius:12px;height:240px;object-fit:cover;\" srcset=\"https:\/\/dygita.com\/wp-content\/uploads\/2024\/06\/person-holding-pencil-near-laptop-computer-scaled.jpg 2560w, https:\/\/dygita.com\/wp-content\/uploads\/2024\/06\/person-holding-pencil-near-laptop-computer-scaled-600x401.jpg 600w\" sizes=\"auto, (max-width: 2560px) 100vw, 2560px\" \/><\/a><\/figure>\n\n<div style=\"margin-top:var(--wp--preset--spacing--40)\" class=\"taxonomy-category is-style-categories-background-with-round wp-block-post-terms has-x-small-font-size\"><a href=\"https:\/\/dygita.com\/?cat=17\" rel=\"tag\">Guide WordPress<\/a><\/div>\n\n<h2 style=\"font-size:24px;line-height:1.2; margin-bottom:var(--wp--preset--spacing--40);margin-top:0;\" class=\"has-link-color is-style-default wp-elements-2aac0a2af414990d4d1b0ae90deaac5c wp-block-post-title has-text-color has-foreground-color\"><a href=\"https:\/\/dygita.com\/?p=123\" target=\"_self\" >Comment Cr\u00e9er un Site WordPress en Quelques \u00c9tapes Simples<\/a><\/h2>\n\n\n<div class=\"wp-block-group has-x-small-font-size is-nowrap is-layout-flex wp-container-core-group-is-layout-6ce5725f wp-block-group-is-layout-flex\" style=\"padding-bottom:var(--wp--preset--spacing--20)\"><div class=\"wp-block-post-date\"><time datetime=\"2024-06-01T15:36:43+00:00\">juin 1, 2024<\/time><\/div>\n\n\n<p>.<\/p>\n\n\n<div class=\"wp-block-post-author-name\">DYGITA<\/div><\/div>\n\n\n<div style=\"font-size:16px;\" class=\"wp-block-post-excerpt\"><p class=\"wp-block-post-excerpt__excerpt\">Introduction \u00e0 WordPress WordPress est l&rsquo;une des plateformes les plus populaires pour cr\u00e9er des sites web. Que vous souhaitiez lancer un\u2026 <\/p><\/div><\/div>\n\n<\/li><\/ul><\/div>\n<\/div>\n<\/div>\n","protected":false},"excerpt":{"rendered":"","protected":false},"author":1,"featured_media":0,"parent":0,"menu_order":0,"comment_status":"closed","ping_status":"closed","template":"page-full-width","meta":{"footnotes":""},"class_list":["post-107","page","type-page","status-publish","hentry"],"_links":{"self":[{"href":"https:\/\/dygita.com\/index.php?rest_route=\/wp\/v2\/pages\/107","targetHints":{"allow":["GET"]}}],"collection":[{"href":"https:\/\/dygita.com\/index.php?rest_route=\/wp\/v2\/pages"}],"about":[{"href":"https:\/\/dygita.com\/index.php?rest_route=\/wp\/v2\/types\/page"}],"author":[{"embeddable":true,"href":"https:\/\/dygita.com\/index.php?rest_route=\/wp\/v2\/users\/1"}],"replies":[{"embeddable":true,"href":"https:\/\/dygita.com\/index.php?rest_route=%2Fwp%2Fv2%2Fcomments&post=107"}],"version-history":[{"count":4,"href":"https:\/\/dygita.com\/index.php?rest_route=\/wp\/v2\/pages\/107\/revisions"}],"predecessor-version":[{"id":118,"href":"https:\/\/dygita.com\/index.php?rest_route=\/wp\/v2\/pages\/107\/revisions\/118"}],"wp:attachment":[{"href":"https:\/\/dygita.com\/index.php?rest_route=%2Fwp%2Fv2%2Fmedia&parent=107"}],"curies":[{"name":"wp","href":"https:\/\/api.w.org\/{rel}","templated":true}]}}